hen 17 is divided by x - (8/(-4) + -8).
7
Suppose 34 = 3*p - 2*a + 1, -29 = -2*p - a. Calculate the remainder when 246 is divided by p.
12
Let s = 2 - -1. Suppose 59*k - 5*q = 58*k + 78, -4*k + q = -369. What is the remainder when k is divided by (-9)/((s/8)/(-1))?
21
Let s = 1453 + -1432. Let a(v) = 18*v - 6. What is the remainder when a(6) is divided by s?
18
Suppose 9*d = 12*d - 54. Calculate the remainder when d is divided by 4.
2
Let a(t) = -10*t - 1. Let x be a(2). Let u = 30 + x. Calculate the remainder when 24 is divided by u.
6
Let o(f) = -f + 5. Let i be o(-7). Let p = 13 - i. Calculate the remainder when 62 is divided by (-2)/(p*(-4)/32).
14
Suppose -m = -5*g - 14, -m - 16*g = -14*g. Calculate the remainder when m is divided by 2.
0
Suppose 5 = 2*p - 45. Calculate the remainder when 171 is divided by p.
21
Suppose 2 = 4*y - 2. Let x(a) = a**2 + 21*a + 19. Let o(d) = d + 1. Let n(k) = 2*o(k) - x(k). Calculate the remainder when n(-18) is divided by y.
0
Let c = -177 + 192. Calculate the remainder when 87 is divided by c.
12
Suppose -6*h - 333 = -585. Calculate the remainder when h is divided by 8.
2
Suppose 15 = 3*z + 3. Let x be (-1302)/70 + z/(-10). Let t = x - -35. Calculate the remainder when 44 is divided by t.
12
Let l = 1782 + -1727. What is the remainder when l is divided by 23?
9
Let d be (-6)/3*(3 + 27/(-6)). Suppose -2 = -0*y - 2*y, 0 = -d*w - y + 34. What is the remainder when 32 is divided by w?
10
Suppose 4*t + 136 = 4*n, 0*n - 2*t = -n + 39. What is the remainder when n is divided by 820/41*(1 - 2/8)?
14
Let m be 3 - 5 - 1*-3. Let z(r) = -r**2 + r. Let a be z(m). Suppose 98 = 5*o - a*k + 2*k, 0 = 2*k + 2. What is the remainder when o is divided by 7?
6
Let b = 242 - 232. What is the remainder when 87 is divided by b?
7
Let k(f) = -16*f + 8. Let o be k(-4). Let l = -26 + o. Suppose -2*y = 3*n + 2*n - 9, -5*y + 57 = n. What is the remainder when l is divided by y?
10
Let u be 3 - 0/(0 - -1). Let k(g) be the first derivative of 4*g**3/3 - g**2 - 2*g - 3. Calculate the remainder when 109 is divided by k(u).
25
Let z(b) be the second derivative of b**4/12 - b**3/3 - 5*b**2 - b. Let u = 0 - -14. Calculate the remainder when z(-7) is divided by u.
11
Let h(m) = -m**3 + 11*m**2 - 40*m + 229. Let f(w) = 308*w**3 + 2*w - 1. Let n be f(1). Let d = n - 219. What is the remainder when d is divided by h(9)?
28
Let n be 4 + (-4)/12*0. Suppose -138 - 206 = -n*p. Calculate the remainder when p is divided by 22.
20
Suppose 7 = -q + 11. Suppose 40 = 4*f - q*b, -5*b + 10 = -f + 6*f. Calculate the remainder when 23 is divided by f.
5
Let h = -17 + 28. What is the remainder when 8*(-2 + 138/12) is divided by h?
10
Suppose u - 6 + 4 = 0, -5*u + 10 = 2*g. Suppose 2*c + 0*c - 108 = g. Suppose 0*t = -3*t + 84. What is the remainder when c is divided by t?
26
Let b = -7 + 14. Suppose -17*u + 6 = -15*u. What is the remainder when 6*14/u - 2 is divided by b?
5
Suppose -118 = -3*y + y. Calculate the remainder when y is divided by 13.
7
Suppose 0 = -11*p + 6*p. Suppose p = 6*r - 5*r - 15. What is the remainder when 42 is divided by r?
12
Calculate the remainder when 490 is divided by 12 - -75 - 8/2.
75
Let f be (7*1)/((-7)/21). Let j be (-2)/(3 - f/(-6)). Suppose j*d = 2*d + 22. Calculate the remainder when 40 is divided by d.
7
Let d = 51 - 51. Suppose d = -3*h + 71 + 352. Calculate the remainder when h is divided by 16.
13
Let o = 116 - 92. What is the remainder when o is divided by 9?
6
Let l(h) = -h**3 + 8*h**2 - 7*h + 2. What is the remainder when 44 is divided by l(6)?
12
Calculate the remainder when 129 is divided by 3/(1/(-161)*-7).
60
Let v = 27 + -10. Let t = -3242 + 3290. Calculate the remainder when t is divided by v.
14
Calculate the remainder when 85 is divided by -3 + 9 + -6 + 48.
37
Suppose l + 5*j = 122, -j + 199 = 2*l - 0*j. Suppose 77*f - 4833 = -906. What is the remainder when l is divided by f?
46
Suppose -7 = 5*x - 22. Suppose 0 = -5*y, -5*y = t + 1 - x. Suppose 231 = -t*u + 5*u. What is the remainder when u is divided by 16?
13
Let w = -188 - -238. Calculate the remainder when 347 is divided by w.
47
Let j(b) be the second derivative of 7*b**4/6 - b**3/6 + 5*b. Calculate the remainder when 59 is divided by j(-1).
14
Suppose 0 = 10*u - 23 + 3. Suppose 75 = -u*b + 143. Calculate the remainder when 0 + 0 + 1 - -64 is divided by b.
31
Let n = -38 + 50. Let t(z) = -33*z**3 + z**2 + 2*z + 1. Let i be t(-1). Suppose -i = u - 2*u. What is the remainder when u is divided by n?
9
Suppose 0 = 4*x + 327 + 597. Let d = x - -452. Calculate the remainder when d is divided by 28.
25
Suppose 380 = 6*s - 202. What is the remainder when s is divided by 45?
7
Let m = 13 + -14. Let g be 3 - (-2 - m)/1. Suppose -g*p = 4*h - 44, 2*h + 81 - 19 = 4*p. Calculate the remainder when 39 is divided by p.
11
Let g(b) = -4*b**3 - b**2 + 2*b + 2. Let c be g(-1). Suppose f - 59 = c*r - 2, -r - 195 = -4*f. Calculate the remainder when 93 is divided by f.
45
Suppose -x = y + 4*x - 17, 0 = -3*y + 4*x + 13. Suppose v - 103*t = -100*t + 13, 5*t + 11 = -v. Calculate the remainder when y is divided by v.
3
Let b(c) = 4*c - 5. Let f = 7 + -12. Let q(w) = w**2 + 5*w + 4. Let t be q(f). What is the remainder when 31 is divided by b(t)?
9
Let s(v) be the second derivative of 5*v**3/3 - 3*v**2/2 + 25*v. What is the remainder when s(6) is divided by 12?
9
Let y be 4/(-18) + (-266)/(-63). Suppose 0*o = -o + 31. What is the remainder when o is divided by 1/(-2)*(-38 + y)?
14
Let r be 6/(2/(12*1)). Suppose 5*j - 4*p = r + 35, -4*j = -3*p - 56. Suppose -6*c + 12*c = 120. Calculate the remainder when c is divided by j.
9
Calculate the remainder when ((-36)/10)/(5/(-125) + 0) is divided by 20.
10
Suppose -7 = -5*b + 3. Suppose 5*g + 236 = 4*a, 3*a = -0*g - b*g - 76. Let s = -29 - g. What is the remainder when 43 is divided by s?
13
Let i(s) be the second derivative of s**5/20 + 5*s**4/12 - s**3/6 + s**2 + 7*s. What is the remainder when 12 is divided by i(-5)?
5
Let m(x) = -x**3 + 31*x**2 - 57*x - 19. What is the remainder when 38 is divided by m(29)?
8
Let g(o) = 17 + 3*o + 2*o**2 - 17. What is the remainder when 15 is divided by g(-3)?
6
Suppose -5*l + 2*d = -142, -5*l + d + 0*d = -141. Let b(h) = h**2 - h - 2. Calculate the remainder when b(-7) is divided by l.
26
Suppose 18 = -5*n - 7. Let c(d) = -d**3 - 4*d**2 + 3*d - 2. Calculate the remainder when c(n) is divided by 5.
3
Suppose 0 = -5*t - 5*r + 15 + 65, 0 = -3*r + 12. What is the remainder when 44 is divided by t?
8
Suppose -40*s = -46*s + 2346. Calculate the remainder when s is divided by 12.
7
Suppose 2*t = -n + 53, 2*t - 4 = 4. Calculate the remainder when n is divided by 27.
18
Let b = -303 - -206. What is the remainder when (b - 6)*(-3)/3 is divided by 13?
12
Let i(d) = d - 3. Let k(y) = -y + 1. Let m be k(5). Let c be i(m). Let z = 13 + c. What is the remainder when 9 is divided by z?
3
Suppose -h - 3*p - 2 = 2*p, 0 = 4*h - 5*p - 67. Let i = -23 + 35. Suppose 5 - i = -a. What is the remainder when h is divided by a?
6
Let t = 10 + -6. Suppose -2*f + t*f - 2 = 0. Calculate the remainder when 3 is divided by f.
0
Suppose -3*t = -v + t + 34, -5*v - 5*t = -170. Let n = 40 - v. What is the remainder when 45 is divided by n?
3
Suppose f + 2*p + 6 - 19 = 0, 0 = p - 1. Let t = f + -18. Calculate the remainder when 17 is divided by t/(-21)*(2 - -10).
1
Let z(l) = -l**3 + l**2 + 3*l + 34. Let v be z(0). Let m = -14 + v. What is the remainder when 38 is divided by m?
18
Let o(s) = -5*s - 54. Let t be o(-11). What is the remainder when 75 is divided by (t - -1)/(0 + -2) - -5?
3
Let u(r) be the first derivative of r**4/4 - 8*r**3/3 + r**2 + 6*r + 7. Let v(z) = -z**2 + 9*z - 6. Calculate the remainder when u(8) is divided by v(6).
10
Let b(o) = -6*o - 3. Let y be b(-8). Suppose -5*x - 285 - y = 0. Let c = -42 - x. What is the remainder when c is divided by 7?
3
Suppose -4*t + 100 = 4*i, t - 8 = 2*i + 2. Let a be -2 - (-39 + 1 + -2). What is the remainder when a + -2*(-4)/(-8) is divided by t?
17
Let d(r) = -6*r + 1. Let v = -17 + 22. Suppose 5*a - v = 2*l, 4*l - 27 = -3*a + 2. Calculate the remainder when d(-2) is divided by l.
3
Suppose 4*a - 4*x + 72 = 9*a, 0 = 4*a - 4*x - 72. Let p(q) = -62*q**3 + 2*q**2 + q. What is the